0453661?
5
What is the units digit of 37523342?
2
What is the hundred thousands digit of 182078348?
0
What is the hundreds digit of 191412088?
0
What is the ten millions digit of 1590268557?
9
What is the tens digit of 562909900?
0
What is the units digit of 25800963?
3
What is the tens digit of 44551771?
7
What is the hundred thousands digit of 407341504?
3
What is the hundreds digit of 678078327?
3
What is the units digit of 2866155781?
1
What is the millions digit of 19314251?
9
What is the ten thousands digit of 573102691?
0
What is the ten millions digit of 27771452?
2
What is the tens digit of 77195897?
9
What is the thousands digit of 71824072?
4
What is the hundred thousands digit of 45122787?
1
What is the tens digit of 103406021?
2
What is the tens digit of 269208985?
8
What is the tens digit of 195656412?
1
What is the millions digit of 2443053250?
3
What is the hundreds digit of 4579227772?
7
What is the thousands digit of 264368390?
8
What is the thousands digit of 412711564?
1
What is the billions digit of 1356170597?
1
What is the millions digit of 46897063?
6
What is the hundreds digit of 66042530?
5
What is the hundred millions digit of 727558989?
7
What is the tens digit of 21374406?
0
What is the ten millions digit of 12578254?
1
What is the units digit of 252530009?
9
What is the ten thousands digit of 6066503839?
0
What is the ten millions digit of 13619716?
1
What is the hundred millions digit of 1038581851?
0
What is the ten thousands digit of 82073947?
7
What is the units digit of 1597806255?
5
What is the units digit of 7885693?
3
What is the hundred millions digit of 1861815258?
8
What is the ten millions digit of 43441651?
4
What is the units digit of 32792559?
9
What is the ten millions digit of 902426837?
0
What is the billions digit of 2336759548?
2
What is the millions digit of 23461941?
3
What is the billions digit of 2088572222?
2
What is the hundred millions digit of 5669104548?
6
What is the millions digit of 80904091?
0
What is the hundreds digit of 164114513?
5
What is the millions digit of 215256092?
5
What is the thousands digit of 864085878?
5
What is the hundred thousands digit of 54714301?
7
What is the hundred thousands digit of 1525192628?
1
What is the hundred millions digit of 185738669?
1
What is the hundred millions digit of 599559652?
5
What is the millions digit of 2288657383?
8
What is the millions digit of 2473960209?
3
What is the ten millions digit of 41640296?
4
What is the units digit of 2722582017?
7
What is the thousands digit of 60237013?
7
What is the ten thousands digit of 202332?
0
What is the millions digit of 3645815450?
5
What is the thousands digit of 85759442?
9
What is the billions digit of 3620092014?
3
What is the units digit of 564785812?
2
What is the hundred thousands digit of 337167428?
1
What is the tens digit of 36564640?
4
What is the hundreds digit of 29199336?
3
What is the millions digit of 102296467?
2
What is the thousands digit of 523143840?
3
What is the thousands digit of 645373575?
3
What is the thousands digit of 2950575899?
5
What is the hundred millions digit of 564272776?
5
What is the hundred thousands digit of 245715737?
7
What is the hundreds digit of 175868248?
2
What is the hundred millions digit of 839750285?
8
What is the thousands digit of 62647116?
7
What is the hundreds digit of 1043925142?
1
What is the millions digit of 958956149?
8
What is the thousands digit of 3043414555?
4
What is the tens digit of 129940110?
1
What is the hundreds digit of 49322453?
4
What is the thousands digit of 75703962?
3
What is the hundred thousands digit of 26333281?
3
What is the tens digit of 57635727?
2
What is the ten thousands digit of 317380610?
8
What is the ten millions digit of 42147290?
4
What is the units digit of 761271343?
3
What is the hundreds digit of 267495924?
9
What is the thousands digit of 709173086?
3
What is the hundreds digit of 2997721989?
9
What is the hundred thousands digit of 8444605?
4
What is the ten thousands digit of 26359642?
5
What is the millions digit of 69167973?
9
What is the ten millions digit of 43605195?
4
What is the hundred thousands digit of 92633148?
6
What is the units digit of 141211556?
6
What is the tens digit of 702872855?
5
What is the millions digit of 1883072652?
3
What is the thousands digit of 973155860?
5
What is the tens digit of 517727364?
6
What is the millions digit of 497666902?
7
What is the thousands digit of 317289798?
9
What is the hundred thousands digit of 48860385?
8
What is the thousands digit of 74507219?
7
What is the units digit of 16919743?
3
What is the ten thousands digit of 2117217830?
1
What is the tens digit of 385362575?
7
What is the tens digit of 156081045?
4
What is the millions digit of 10307793?
0
What is the units digit of 134460603?
3
What is the hundreds digit of 2296323083?
0
What is the hundreds digit of 2830822690?
6
What is the thousands digit of 1135940258?
0
What is the hundred thousands digit of 1830103349?
1
What is the hundreds digit of 92240071?
0
What is the thousands digit of 1346127191?
7
What is the ten millions digit of 474148967?
7
What is the millions digit of 6007485164?
7
What is the tens digit of 756774325?
2
What is the millions digit of 2803564413?
3
What is the thousands digit of 408985227?
5
What is the tens digit of 8689197?
9
What is the units digit of 74323926?
6
What is the hundreds digit of 60663327?
3
What is the hundred thousands digit of 1000394?
0
What is the tens digit of 401028739?
3
What is the ten millions digit of 41696222?
4
What is the hundred thousands digit of 50878510?
8
What is the hundred millions digit of 472883998?
4
What is the thousands digit of 60738543?
8
What is the ten thousands digit of 59627538?
2
What is the ten thousands digit of 88385333?
8
What is the hundred millions digit of 167937379?
1
What is the tens digit of 1403756307?
0
What is the units digit of 457317897?
7
What is the ten millions digit of 2510175177?
1
What is the tens digit of 335769694?
9
What is the thousands digit of 61907082?
7
What is the millions digit of 1228364595?
8
What is the tens digit of 67666452?
5
What is the hundreds digit of 67347649?
6
What is the millions digit of 694557709?
4
What is the millions digit of 63970550?
3
What is the units digit of 308755572?
2
What is the ten millions digit of 44901304?
4
What is the hundred thousands digit of 239891156?
8
What is the hundred thousands digit of 1376766398?
7
What is the thousands digit of 877958158?
8
What is the ten thousands digit of 49961923?
6
What is the hundreds digit of 127099644?
6
What is the ten millions digit of 428623526?
2
What is the millions digit of 35536949?
5
What is the hundred thousands digit of 3144286554?
2
What is the billions digit of 1581127432?
1
What is the thousands digit of 5098401372?
1
What is the hundreds digit of 43751798?
7
What is the thousands digit of 1721962159?
2
What is the thousands digit of 29736109?
6
What is the hundred thousands digit of 61171011?
1
What is the units digit of 121593199?
9
What is the millions digit of 183810112?
3
What is the millions digit of 31734898?
1
What is the units digit of 13417674?
4
What is the units digit of 71905752?
2
What is the ten thousands digit of 7292470220?
7
What is the millions digit of 4288932587?
8
What is the tens digit of 5696709417?
1
What is the hundred millions digit of 141773045?
1
What is the tens digit of 3506244?
4
What is the millions digit of 2827431?
2
What is the units digit of 364884039?
9
What is the millions digit of 804840283?
4
What is the millions digit of 142843772?
2
What is the thousands digit of 235268003?
8
What is the hundreds digit of 19692179?
1
What is the hundreds digit of 5027088591?
5
What is the units digit of 1172529631?
1
What is the tens digit of 1228514288?
8
What is the ten thousands digit of 390980860?
8
What is the units digit of 691522816?
6
What is the units digit of 63061556?
6
What is the thousands digit of 114755761?
5
What is the millions digit of 15498104?
5
What is the hundred thousands digit of 334582502?
5
What is the ten millions digit of 381216202?
8
What is the ten thousands digit of 139093968?
9
What is the hundred thousands digit of 3166946460?
9
